31 - -35)) + -13
11
Evaluate (-90 + 97 - 115) + 37.
-71
What is the value of -3 + (-32 + 55 - 30) + (-2 - -13)?
1
Evaluate 57 - 8 - 100 - -58.
7
Calculate (-31 - -2 - -15) + -5 + 51 + -4 + -7.
21
Calculate -5 + (45 - 139 - -54).
-45
What is the value of 3013 - 2974 - (1 + 64)?
-26
Evaluate 27 + -1 - (-191 + 194).
23
What is -3 + (7 - 13) + 35 - (-6 - 7)?
39
What is the value of ((-16 - -25) + 16 - 26) + 8?
7
What is the value of (9 - -27) + 1 + (12 - (7 + -1))?
43
What is (0 - -104) + (-32 - (-123 - -101))?
94
(1 - 16 - -3) + -80 + 81 - (17 - -23)
-51
5 - (479 + -528 + (0 - -20))
34
-74 - (-101 - -63 - (-38 + -3))
-77
Evaluate -49 + -1 - 12 - (0 + -6) - (1 + -1).
-56
What is 25 + (-32 - -25 - -1) - 29?
-10
Evaluate (-4 - 1 - (0 - -41)) + (198 - 206).
-54
Evaluate (49 + 2 - (9 - (-12 + 21))) + (13 - 0).
64
What is the value of -269 - -246 - (15 + 43)?
-81
Evaluate -5 - ((2 - -67 - 5) + -10 + 5).
-64
What is 6 + -18 + (-4 + -2 - -3) + (-69 - -70)?
-14
What is the value of 10 - -1 - ((6 - -72) + 20 - -19 - 5)?
-101
What is the value of -6 + -4 + 17 + (6 - 6) - 36?
-29
What is (5 - (0 + 13)) + 16 + 4 + 22?
34
What is the value of (-14 - (-37 + 8 + 68)) + (35 - 12)?
-30
What is -7 - (-1 - 0) - (16 + -23 + 13)?
-12
Calculate -22 + (91 - (-10 + 7)).
72
What is the value of 58 - (103 + (-86 - -88))?
-47
What is the value of 40 + 21 + -92 + 8?
-23
Calculate 8 - (36 - 28) - (40 + 0).
-40
Evaluate (6 + -3 - 11) + 145 + -166.
-29
23 - (57 - (33 - (-18 - -27)))
-10
(12 - 16) + -8 - (-39 - -6)
21
Evaluate (-139 + 81 - (-87 - 24)) + (0 - (-4 + 0)).
57
What is -53 + (-39 - (-134 + 56))?
-14
5 + (-4 - 10) + 68 + -50 + 14
23
What is -14 - (-69 + (2 - -2) + 7 - -11)?
33
What is 4 + (-11 - 2) + 0 + (50 - 21)?
20
-15 - (-10 + 14) - -13
-6
Evaluate -17 - (16 + (-1 + -22 - -37) + -38).
-9
Calculate (34 - (-16 + -1 - (-38 - -1))) + 40.
54
Evaluate 29 + 1 + 3 + 36 + (132 - 179).
22
(10 - (17 - 2)) + 0 - (-4 + 0)
-1
Evaluate 30 + (-1 + 5 - (32 + (-19 - 4))).
25
Evaluate 17 + -10 + 15 + 11 + -2.
31
What is -10 + 22 + (8 + -15 - -12 - 10) + 47?
54
Calculate -27 + (-10 - 12 - -46).
-3
What is the value of 112 + -68 + 5 + -56?
-7
Calculate -47 - (-9 + 48 + -57).
-29
-13 - (-27 + 6 + 33 + (2 - -19))
-46
Evaluate 20 + (29 - 73) - (-18 - -2).
-8
Calculate (-14 - -22 - -6) + 28 + -17 + -2 + -96.
-73
77 - 44 - (0 + 19 + -1 + -7 + -5)
27
Evaluate 0 + -36 - (-9 + -11).
-16
What is the value of -13 + -1 + 1 - (-20 + 75 - 32)?
-36
What is the value of -35 - 23 - -179 - 75?
46
What is the value of 21 + -54 + 35 - 62?
-60
What is 2 - -4 - 3 - 11 - (29 + (27 - -2))?
-66
What is -4 + 19 + -49 - (-30 + 6)?
-10
What is 87 - (0 - (-180 - -60))?
-33
What is (1 - -44 - (863 - 845)) + -26?
1
What is 16 + (1 + 49 - (2545 - 2476))?
-3
Calculate -46 + 5 + -23 + 72 + (9 - 0).
17
What is (-1 - -3 - (-46 - (4 + -48))) + 6 - -66?
76
-62 - (-182 + 60) - 134
-74
83 + (-5 - ((-13 - (11 - 23)) + -2)) - -4
85
Calculate 1581 + -1542 - (-12 + -4).
55
Evaluate -84 - (-215 + 111) - (-1 + 13).
8
Evaluate 29 + -9 + -24 - (-2 + 8 + -3 - -11).
-18
What is (-4 - (5 - 5 - 14)) + 3 + (-1272 - -1351)?
92
Evaluate 105 + -54 + -1 - 41.
9
-151 + -38 + 36 - -28
-125
Evaluate 36 - (76 + -27 - 25).
12
What is the value of 57 + -19 + (-46 - -4)?
-4
Calculate (-50 + 39 + 27 - -23) + -100.
-61
What is the value of 10 + (-53 + (10 - -10) - -31 - (-86 - 2))?
96
Evaluate -36 - (1 + 3 - 3 - (13 + -26 + 17)).
-33
What is the value of -2 - (2 + -57) - (-47 - (-173 + 113))?
40
Calculate -80 + 41 - -56 - (4 - -6 - -38).
-31
What is -1 + (-8 - ((0 - -8) + 2 + -7)) + 3?
-9
Evaluate (-1 - 1) + -56 + (37 - -92 - 150).
-79
What is -3 + (4 - (-24 + 47)) + 2?
-20
What is 80 + 22 + -43 - (1 + -7 + 0)?
65
-3 + -9 + (-20 - (-15 - -5)) + 15
-7
What is 0 + (7 - (23 + -2)) + 62?
48
What is 13 + (-9 - -1 - (161 - 150)) + 19?
13
What is 2680 + -2637 - (86 - 0)?
-43
-42 + 61 - (7 - (7 - 2) - 9)
26
What is 26 + -1 + (-46 + 11 - -8 - -36)?
34
-50 + 61 - (7 + 17) - (-11 + 13)
-15
(49 - (70 + -14) - (1 + 0 + 5)) + -9
-22
Calculate -146 + 113 + 0 + -8 + 14.
-27
What is (-51 - -163) + -130 + (18 - 1)?
-1
Calculate -12 - -31 - (141 + -17).
-105
What is the value of 9 + (11 + -6 - 32) + -15 - 8?
-41
What is -49 + -17 + 21 + -23 + 4?
-64
Calculate (19 + -24 - (0 - -45)) + -3 - 6.
-59
Evaluate -26 + 30 + -6 - (20 + -2 - (6 + -6)).
-20
What is the value of 0 + (-15 - -1) - -9 - (-8 + -1)?
4
What is (1 - (23 + -17 - -4)) + 0 + -31 + -4?
-44
What is -28 + (-11 - (-34 - -17) - (2 - 4 - -9))?
-29
Calculate -4 - (5 - 6) - (42 - (-6 + 15)).
-36
What is the value of -13 + 4 + (15 - -33) + -34 + -4 + 2?
3
Calculate -41 - -97 - (20 - (67 - 16)).
87
What is the value of 80 + (57 - 43) + -21?
73
What is the value of 13 - (-51 - (-24 + 3 + 13))?
56
(19 - (-15 + 23 + 5) - 57) + -16
-67
What is the value of 38 - (110 + -93 + 55)?
-34
Calculate 179 - (335 - 175) - ((4 - 6) + 123).
-102
Calculate (13 + -35 + 57 - 39) + -28.
-32
(-4 - -19) + (-1 - -30) + (-717 - -577)
-96
-4 - (12 - (-18 + 28) - 18)
12
-14 + (-4 - (-3 - 7)) - (102 + -156)
46
What is -376 + 270 + 29 + 1 + -12?
-88
Calculate -23 + 57 + -31 + (-3 + -11 - -2).
-9
What is the value of -48 + -57 + (-55 - -157)?
-3
Evaluate (-3 - 7) + 51 - (-23 - 5 - -18).
51
Calculate (0 - -25 - 30) + -7 + 79 + 23.
90
Calculate 16 + -27 + 14 + (7 - (2 + -2)) + 6.
16
What is 97 - (10 - (163 + -176 - (-2 - 1)))?
77
What is the value of (1 - 13) + (-3 + 8 + -22 - -5)?
-24
What is the value of -14 - (10 - 10) - (-18 - 10)?
14
Evaluate (53 - (-1 + -1)) + (8 + -11 - 2) - 7.
43
Calculate (11 - 2) + 21 + (-27 - 0) + -31 + 10.
-18
What is -96 + (-2 - 1) + (-78 + 135 - 61)?
-103
(-27 - (35 - 53)) + 1 + -17 + 6
-19
What is the value of (-27 - -58) + 0 + 43?
74
What is the value of 104 - 51 - (5 - -26)?
22
-7 - ((-4 - 3) + 124) - (-9 - 4)
-111
What is the value of -4 + (-27 - 23) + 44?
-10
What is the value of (673 - 670) + (0 - -8)?
11
What is the value of (1 - -20) + 286 + -300?
7
What is the value of 1 + 55 - (-351 + 396)?
11
Calculate 1480 - 1622 - (-3 - 78).
-61
100 + -25 + -100 - (-1 - 2) - 50
-72
What is the value of -17 - (30 + -12 - ((2 - -24) + -17))?
-26
What is the value of 98 + (2 + 3 + -3 - (-13 - (-9 + -3)))?
101
Calculate -96 - ((-20 - 32) + 27 + 64).
-135
What is (-97 - -88) + (9 - -1) + 53?
54
What is 37 + 26 + -7 + 9 + 5 + 0?
70
What is 0 + -19 - (-74 + 29 + -54 + -11)?
91
Evaluate 4 - (12 - 4 - ((67 - -3) + 14) - 15).
95
What is the value of (7 + 10 - 11 - 1) + 5 + -4?
6
What is the value of 7 + (-13 - -32 - 4) + -33?
-11
Calculate (160 - (52 + -22) - 43) + (1 - (11 + -3)).
80
What is 24 + 28 + -58 - ((-8 - -9) + 7)?
-14
Calculate (111 + -167 - -61) + (-1 - -2).
6
Evaluate 0 + -4 + -13 + (27 - (54 - -19)).
-63
-47 - ((24 - 45) + -34 + 86)
-78
Calculate (47 - 117 - -11) + 50.
-9
64 - (-4 + -9) - (-13 - (6 + -9) - -20)
67
Calculate (-10 + -2 + 3 - 0) + (-153 - -56 - -156).
50
7 + (21 - 44) + 6 + -11
-21
Evaluate -15 + 19 + (-7 - 0) + (347 - 355).
-11
What is the value of 32 + 13 + -108 + 90?
27
What is -5 - (-17 - -70 - 78)?
20
What is the value of 13 + (38 - 52 - -19) + 2 + 5?
25
(42 - (-12 - -21)) + (85 - 9)
109
What is (0 - 0) + 13 - (-10 + (21 + -44 - 36))?
82
Calculate 30 + -28 + (-65 - -55).
-8
Calculate (-15 - (-19 + 74 + -17 + -8)) + 1 + 3.
-41
Calculate (-17 + -78 - -40) + 52.
-3
What is the value of -115 - (46 + (8 - 62))?
-107
Calculate 184 + (-68 - -33 - -15) + -29.
135
Calculate 26 - ((-6 - -19) + -247 + 214).
46
Evaluate -49 + (3 - 14 - 5) + (19 - (-2 - -7)).
-51
-4 + (0 - (11 - (8 - -12))) - -14
19
What is (5 - (-11 + (-13 + 33 - 13))) + -83?
-74
Evaluate 319 + -87 - 107 - 42.
83
What is the value of -355 + 284 - (-3 - -4 - 5)?
-67
What is -262 + 295 - (5 - (-2 - 2))?
24
What is the value of 47 + (30 - 52) - -22?
47
Calculate -10 + 0 + -8 + -35 + 61 + 24.
32
Evaluate (-5 - ((-16 - -11 - 14) + 5)) + -1 + -44.
-36
What is the value of -132 + 139 - (107 + 9)?
-109
What is -4 - (-1 - -3 - (-131 + 38))?
-99
Calculate 82 - (-144 - (-72 - 68)).
86
What is 10 + -4 + 55 + (30 - 44) - 12?
35
What is -32 - (-142 + (6 - -27) + 17)?
60
0 - (-9 + -4 - -3) - (-2 + 10) - 14
-12
Evaluate (-75 - -16 - -11) + (21 - 7).
-34
Calculate -107 + -19 - (-160 + 89).
-55
What is (13 - -21) + (-3 - 12) + -10 - (63 - -3)?
-57
Evaluate